{"id":48,"date":"2016-05-30T11:41:56","date_gmt":"2016-05-30T11:41:56","guid":{"rendered":"http:\/\/ndcompassion.com\/?page_id=48"},"modified":"2019-09-15T21:31:47","modified_gmt":"2019-09-15T19:31:47","slug":"compasion-dices","status":"publish","type":"page","link":"https:\/\/ndcompassion.com\/es\/compasion-dices\/","title":{"rendered":"\u00bfCompasi\u00f3n dices?"},"content":{"rendered":"<p>[et_pb_section fb_built=\u00bb1&#8243; admin_label=\u00bbsection\u00bb _builder_version=\u00bb3.22.3&#8243;][et_pb_row admin_label=\u00bbFila\u00bb _builder_version=\u00bb3.22.3&#8243; background_size=\u00bbinitial\u00bb background_position=\u00bbtop_left\u00bb background_repeat=\u00bbrepeat\u00bb][et_pb_column type=\u00bb4_4&#8243; _builder_version=\u00bb3.0.47&#8243;][et_pb_post_title meta=\u00bboff\u00bb featured_image=\u00bboff\u00bb admin_label=\u00bbT\u00edtulo de publicaci\u00f3n\u00bb _builder_version=\u00bb3.0.87&#8243; title_all_caps=\u00bboff\u00bb background_color=\u00bbrgba(255,255,255,0)\u00bb parallax=\u00bbon\u00bb parallax_method=\u00bboff\u00bb parallax_effect=\u00bbon\u00bb module_bg_color=\u00bbrgba(255,255,255,0)\u00bb use_border_color=\u00bboff\u00bb border_color=\u00bb#ffffff\u00bb border_style=\u00bbsolid\u00bb][\/et_pb_post_title][\/et_pb_column][\/et_pb_row][et_pb_row admin_label=\u00bbrow\u00bb _builder_version=\u00bb3.22.3&#8243; background_size=\u00bbinitial\u00bb background_position=\u00bbtop_left\u00bb background_repeat=\u00bbrepeat\u00bb][et_pb_column type=\u00bb1_3&#8243; _builder_version=\u00bb3.0.47&#8243;][et_pb_image src=\u00bbhttps:\/\/ndcompassion.com\/wp-content\/uploads\/2016\/05\/Maria-compadeciendo.jpg\u00bb alt=\u00bbMar\u00eda con compasi\u00f3n\u00bb title_text=\u00bbMar\u00eda con compasi\u00f3n\u00bb align=\u00bbcenter\u00bb force_fullwidth=\u00bbon\u00bb admin_label=\u00bbImagen compasion\u00bb _builder_version=\u00bb3.22.7&#8243; animation_style=\u00bbslide\u00bb animation_direction=\u00bbleft\u00bb animation_duration=\u00bb500ms\u00bb animation_intensity_slide=\u00bb10%\u00bb use_border_color=\u00bboff\u00bb border_color=\u00bb#ffffff\u00bb border_style=\u00bbsolid\u00bb animation=\u00bbleft\u00bb sticky=\u00bboff\u00bb][\/et_pb_image][\/et_pb_column][et_pb_column type=\u00bb2_3&#8243; _builder_version=\u00bb3.0.47&#8243;][et_pb_text admin_label=\u00bbTexto La Compasi\u00f3n\u00bb _builder_version=\u00bb3.0.87&#8243; background_size=\u00bbinitial\u00bb background_position=\u00bbtop_left\u00bb background_repeat=\u00bbrepeat\u00bb use_border_color=\u00bboff\u00bb border_color=\u00bb#ffffff\u00bb border_style=\u00bbsolid\u00bb]<\/p>\n<h2>La Compasi\u00f3n<\/h2>\n<p style=\"text-align: justify;\">Extra\u00f1a palabra y, sin embargo, cada vez m\u00e1s usada en nuestras conversaciones, en libros, discursos&#8230;<br \/>\nPalabra que, a veces,\u00a0 identificamos con l\u00e1stima, conmiseraci\u00f3n, sensibler\u00eda&#8230;, situ\u00e1ndonos, inconscientemente, desde m\u00e1s arriba que los otros, y&#8230; \u00a1no!. No es eso la Compasi\u00f3n.<br \/>\nCompasi\u00f3n tiene que ver con enganchar nuestro coraz\u00f3n al sentimiento del otro.<br \/>\nCompasi\u00f3n es hacernos cargo de lo que alguien, posiblemente muy cerca de nosotros, \u00a0est\u00e1 viviendo, de lo que est\u00e1 padeciendo y caer en la cuenta de que, tal vez, necesita que t\u00fa est\u00e9s \u201cah\u00ed\u201d, a su lado. Por eso, Compasi\u00f3n no es solo sentimiento, sino tambi\u00e9n, y sobre todo, \u00a0solidaridad.<br \/>\nLa Compasi\u00f3n tiene su raz\u00f3n de ser en la manera de ser de Dios, en su amor misericordioso hacia la humanidad :<br \/>\n\u00abHe visto la opresi\u00f3n de mi pueblo&#8230; Me he fijado en sus sufrimientos&#8230;<br \/>\nEl clamor de pueblo ha llegado hasta mi&#8230;\u00bb (Ex. 3, 7-10)<br \/>\nLa verdadera compasi\u00f3n ensancha el coraz\u00f3n, pone en movimiento los pies y las manos, y lleva a estar junto al otro a la manera del Buen Samaritano.<br \/>\n\u00abLleg\u00f3 junto a \u00e9l, al verle sinti\u00f3 compasi\u00f3n;\u00a0se acerc\u00f3, vend\u00f3 sus heridas echando en ellas aceite y vino;\u00a0lo mont\u00f3 a una posada y cuid\u00f3 de \u00e9l y\u00a0se asegur\u00f3 de que lo cuidaran hasta su regreso\u00bb<\/p>\n<p style=\"text-align: justify;\">(Lc. 10, 25-37)<\/p>\n<p style=\"text-align: justify;\">Eso intentan vivir y hacer las Hermanas de Nuestra Se\u00f1ora de la Compasi\u00f3n&#8230; Y es de esta Compasi\u00f3n de la quieren ser testigos tambi\u00e9n a trav\u00e9s de este sitio web.<\/p>\n<p>[\/et_pb_text][\/et_pb_column][\/et_pb_row][et_pb_row admin_label=\u00bbrow\u00bb _builder_version=\u00bb3.22.3&#8243; background_size=\u00bbinitial\u00bb background_position=\u00bbtop_left\u00bb background_repeat=\u00bbrepeat\u00bb][et_pb_column type=\u00bb1_3&#8243; _builder_version=\u00bb3.0.47&#8243;][et_pb_image src=\u00bbhttps:\/\/ndcompassion.com\/wp-content\/uploads\/2016\/05\/Logo-dh.jpg\u00bb alt=\u00bbCompasi\u00f3n\u00bb title_text=\u00bbCompasi\u00f3n\u00bb align=\u00bbcenter\u00bb force_fullwidth=\u00bbon\u00bb admin_label=\u00bbImagen Logo dh\u00bb _builder_version=\u00bb3.22.7&#8243; animation_style=\u00bbslide\u00bb animation_direction=\u00bbleft\u00bb animation_duration=\u00bb500ms\u00bb animation_intensity_slide=\u00bb10%\u00bb use_border_color=\u00bboff\u00bb border_color=\u00bb#ffffff\u00bb border_style=\u00bbsolid\u00bb animation=\u00bbleft\u00bb sticky=\u00bboff\u00bb][\/et_pb_image][\/et_pb_column][et_pb_column type=\u00bb2_3&#8243; _builder_version=\u00bb3.0.47&#8243;][et_pb_text admin_label=\u00bbTexto nuestra espiritualidad\u00bb _builder_version=\u00bb3.0.87&#8243; background_size=\u00bbinitial\u00bb background_position=\u00bbtop_left\u00bb background_repeat=\u00bbrepeat\u00bb use_border_color=\u00bboff\u00bb border_color=\u00bb#ffffff\u00bb border_style=\u00bbsolid\u00bb]<\/p>\n<h2>Nuestra espiritualidad<\/h2>\n<p style=\"text-align: justify;\"><em><strong>\u00abUna espiritualidad enraizada en Cristo Crucificado y en Mar\u00eda al pi\u00e9 de la Cruz\u00bb<\/strong><\/em><\/p>\n<p style=\"text-align: justify;\"><strong>Mauricio Garrigou<\/strong>, dio a las Hermanas como clave de su vida el fruto de su propia sabidur\u00eda espiritual, forjada desde su juventud:<\/p>\n<p style=\"text-align: justify;\">\u00abJes\u00fas ser\u00e1 vuestro modelo; su Evangelio vuestra regla\u00bb<\/p>\n<p style=\"text-align: justify;\">Fue tambi\u00e9n su carisma personal, fruto de la contemplaci\u00f3n de ese Jes\u00fas en los acontecimientos de su tiempo, el que orient\u00f3 de manera preferente su mirada y su coraz\u00f3n hacia el Pretorio (Ecce Homo) y el Calvario (el Crucificado y su Madre al pie de la Cruz) como lugares donde unificar una vida de entrega y de servicio humilde y solidario.<\/p>\n<p style=\"text-align: justify;\">La contemplaci\u00f3n de Jes\u00fas humillado y despu\u00e9s crucificado, y de Mar\u00eda al pie de la cruz, asociada a este misterio, van transformando el coraz\u00f3n del Padre Garrigou en un coraz\u00f3n semejante al de Jes\u00fas y Mar\u00eda, d\u00e1ndole un peculiar modo de ser y de estar en el mundo.<\/p>\n<p style=\"text-align: justify;\">Para las hermanas de Ntra. Sra. de la Compasi\u00f3n, seguir el camino de Cristo, a la luz del carisma recibido de su fundador, no consiste en hacer cosas extraordinarias sino en asegurar un servicio paciente y compasivo a los dem\u00e1s. Las obras de educaci\u00f3n, el cuidado de los pobres, la misma vida comunitaria, suponen el olvido de s\u00ed mismas y una vida espiritual hecha de sencillez, abnegaci\u00f3n, humildad y de un amor que se entrega en la comuni\u00f3n con los que sufren y en la solidaridad con quienes trabajan para que desaparezcan las causas que generan la injusticia.<\/p>\n<p style=\"text-align: justify;\">Como Mar\u00eda al pie de la Cruz, quieren servir a la humanidad con un coraz\u00f3n grande y compasivo, de forma especial a la humanidad sufriente, dej\u00e1ndose transformar por el Esp\u00edritu para vivir:<\/p>\n<ul>\n<li style=\"text-align: justify;\">En una actitud contemplativa que permite descubrir a Dios presente y actuando en la historia y en la propia existencia.<\/li>\n<li style=\"text-align: justify;\">Con una especial sensibilidad a toda situaci\u00f3n de debilidad, pobreza y sufrimiento.<\/li>\n<li style=\"text-align: justify;\">En disponibilidad, acogida y sencillez que les hace cercanas a los dem\u00e1s.<\/li>\n<li style=\"text-align: justify;\">Desde un dinamismo creativo en el servicio al pr\u00f3jimo.<\/li>\n<\/ul>\n<p>[\/et_pb_text][et_pb_text admin_label=\u00bbTexto nuestra misi\u00f3n\u00bb _builder_version=\u00bb3.0.87&#8243; background_size=\u00bbinitial\u00bb background_position=\u00bbtop_left\u00bb background_repeat=\u00bbrepeat\u00bb use_border_color=\u00bboff\u00bb border_color=\u00bb#ffffff\u00bb border_style=\u00bbsolid\u00bb]<\/p>\n<h2>Nuestra misi\u00f3n<\/h2>\n<p style=\"text-align: justify;\"><em><strong>\u00abFieles al carisma de nuestro Fundador, nuestra vida como la de Jes\u00fas quiere ser expresi\u00f3n del amor de Dios por los peque\u00f1os, los d\u00e9biles y los despreciados de la sociedad&#8230;\u00bb<\/strong><\/em><\/p>\n<p style=\"text-align: justify;\">Ser expresi\u00f3n del amor de Dios por los peque\u00f1os, los d\u00e9biles y los despreciados de la sociedad es ser para ellos testigos de la Buena Nueva y compartir sus vidas a trav\u00e9s de la educaci\u00f3n, la pastoral, la acompa\u00f1amiento y el servicio a aquellos que tienen capacidades diferentes, o a los abandonados, encarcelados, emigrantes y empobrecidos&#8230;;o estando al lado de ancianos y enfermos&#8230;<\/p>\n<p style=\"text-align: justify;\">Desde siempre el Instituto ha querido ser fiel a sus or\u00edgenes pero, como es l\u00f3gico, las formas han ido cambiando y adapt\u00e1ndose al momento y a los distintos pa\u00edses en los que se ha ido estableciendo; y tan variadas han sido las respuestas, como diferentes las realidades vividas a lo largo de su historia<\/p>\n<p style=\"text-align: justify;\">Por eso el amor de COMPASION unas veces se llama acogida, \u00a0otras cercan\u00eda, otras promoci\u00f3n, sanaci\u00f3n o perd\u00f3n; otras lucha organizada con otros, o pastoral, o acompa\u00f1amiento, o denuncia &#8230; Pero siempre desde la llamada original y originaria:<\/p>\n<p style=\"text-align: justify;\">\u201cColaborar en la misi\u00f3n evangelizadora de la Iglesia a trav\u00e9s de la educaci\u00f3n cristiana de los j\u00f3venes y\u00a0el alivio de los pobres por todos los medios posibles\u201d\u00a0(Const. n\u00ba 10 )<\/p>\n<p style=\"text-align: justify;\">Y as\u00ed la Compasi\u00f3n\u00a0va tomando opciones una y otra vez, haci\u00e9ndose eco del deseo de Mauricio Garrigou para el Instituto:<\/p>\n<p style=\"text-align: justify;\"><strong>\u00abSed espigadoras en el campo del Padre de familia&#8230;\u00bb<\/strong><\/p>\n<p>[\/et_pb_text][\/et_pb_column][\/et_pb_row][\/et_pb_section]<\/p>\n","protected":false},"excerpt":{"rendered":"<p>La Compasi\u00f3n Extra\u00f1a palabra y, sin embargo, cada vez m\u00e1s usada en nuestras conversaciones, en libros, discursos&#8230; Palabra que, a veces,\u00a0 identificamos con l\u00e1stima, conmiseraci\u00f3n, sensibler\u00eda&#8230;, situ\u00e1ndonos, inconscientemente, desde m\u00e1s arriba que los otros, y&#8230; \u00a1no!. No es eso la Compasi\u00f3n. Compasi\u00f3n tiene que ver con enganchar nuestro coraz\u00f3n al sentimiento del otro. Compasi\u00f3n es [&hellip;]<\/p>\n","protected":false},"author":1,"featured_media":0,"parent":0,"menu_order":0,"comment_status":"closed","ping_status":"closed","template":"","meta":{"_et_pb_use_builder":"on","_et_pb_old_content":"","_et_gb_content_width":"","footnotes":""},"class_list":["post-48","page","type-page","status-publish","hentry"],"_links":{"self":[{"href":"https:\/\/ndcompassion.com\/es\/wp-json\/wp\/v2\/pages\/48","targetHints":{"allow":["GET"]}}],"collection":[{"href":"https:\/\/ndcompassion.com\/es\/wp-json\/wp\/v2\/pages"}],"about":[{"href":"https:\/\/ndcompassion.com\/es\/wp-json\/wp\/v2\/types\/page"}],"author":[{"embeddable":true,"href":"https:\/\/ndcompassion.com\/es\/wp-json\/wp\/v2\/users\/1"}],"replies":[{"embeddable":true,"href":"https:\/\/ndcompassion.com\/es\/wp-json\/wp\/v2\/comments?post=48"}],"version-history":[{"count":23,"href":"https:\/\/ndcompassion.com\/es\/wp-json\/wp\/v2\/pages\/48\/revisions"}],"predecessor-version":[{"id":2125,"href":"https:\/\/ndcompassion.com\/es\/wp-json\/wp\/v2\/pages\/48\/revisions\/2125"}],"wp:attachment":[{"href":"https:\/\/ndcompassion.com\/es\/wp-json\/wp\/v2\/media?parent=48"}],"curies":[{"name":"wp","href":"https:\/\/api.w.org\/{rel}","templated":true}]}}

¿Compasión dices?

<p>[et_pb_section fb_built=»1&#8243; admin_label=»section» _builder_version=»3.22.3&#8243;][et_pb_row admin_label=»Fila» _builder_version=»3.22.3&#8243; background_size=»initial» background_position=»top_left» background_repeat=»repeat»][et_pb_column type=»4_4&#8243; _builder_version=»3.0.47&#8243;][et_pb_post_title meta=»off» featured_image=»off» admin_label=»Título de publicación» _builder_version=»3.0.87&#8243; title_all_caps=»off» background_color=»rgba(255,255,255,0)» parallax=»on» parallax_method=»off» parallax_effect=»on» module_bg_color=»rgba(255,255,255,0)» use_border_color=»off» border_color=»#ffffff» border_style=»solid»][/et_pb_post_title][/et_pb_column][/et_pb_row][et_pb_row admin_label=»row» _builder_version=»3.22.3&#8243; background_size=»initial» background_position=»top_left» background_repeat=»repeat»][et_pb_column type=»1_3&#8243; _builder_version=»3.0.47&#8243;][et_pb_image src=»https://ndcompassion.com/wp-content/uploads/2016/05/Maria-compadeciendo.jpg» alt=»María con compasión» title_text=»María con compasión» align=»center» force_fullwidth=»on» admin_label=»Imagen compasion» _builder_version=»3.22.7&#8243; animation_style=»slide» animation_direction=»left» animation_duration=»500ms» animation_intensity_slide=»10%» use_border_color=»off» border_color=»#ffffff» border_style=»solid» animation=»left» sticky=»off»][/et_pb_image][/et_pb_column][et_pb_column type=»2_3&#8243; _builder_version=»3.0.47&#8243;][et_pb_text admin_label=»Texto La Compasión» _builder_version=»3.0.87&#8243; background_size=»initial» background_position=»top_left» background_repeat=»repeat» use_border_color=»off» border_color=»#ffffff» border_style=»solid»]</p>
<h2>La Compasión</h2>
<p style="text-align: justify;">Extraña palabra y, sin embargo, cada vez más usada en nuestras conversaciones, en libros, discursos&#8230;<br />
Palabra que, a veces,  identificamos con lástima, conmiseración, sensiblería&#8230;, situándonos, inconscientemente, desde más arriba que los otros, y&#8230; ¡no!. No es eso la Compasión.<br />
Compasión tiene que ver con enganchar nuestro corazón al sentimiento del otro.<br />
Compasión es hacernos cargo de lo que alguien, posiblemente muy cerca de nosotros,  está viviendo, de lo que está padeciendo y caer en la cuenta de que, tal vez, necesita que tú estés “ahí”, a su lado. Por eso, Compasión no es solo sentimiento, sino también, y sobre todo,  solidaridad.<br />
La Compasión tiene su razón de ser en la manera de ser de Dios, en su amor misericordioso hacia la humanidad :<br />
«He visto la opresión de mi pueblo&#8230; Me he fijado en sus sufrimientos&#8230;<br />
El clamor de pueblo ha llegado hasta mi&#8230;» (Ex. 3, 7-10)<br />
La verdadera compasión ensancha el corazón, pone en movimiento los pies y las manos, y lleva a estar junto al otro a la manera del Buen Samaritano.<br />
«Llegó junto a él, al verle sintió compasión; se acercó, vendó sus heridas echando en ellas aceite y vino; lo montó a una posada y cuidó de él y se aseguró de que lo cuidaran hasta su regreso»</p>
<p style="text-align: justify;">(Lc. 10, 25-37)</p>
<p style="text-align: justify;">Eso intentan vivir y hacer las Hermanas de Nuestra Señora de la Compasión&#8230; Y es de esta Compasión de la quieren ser testigos también a través de este sitio web.</p>
<p>[/et_pb_text][/et_pb_column][/et_pb_row][et_pb_row admin_label=»row» _builder_version=»3.22.3&#8243; background_size=»initial» background_position=»top_left» background_repeat=»repeat»][et_pb_column type=»1_3&#8243; _builder_version=»3.0.47&#8243;][et_pb_image src=»https://ndcompassion.com/wp-content/uploads/2016/05/Logo-dh.jpg» alt=»Compasión» title_text=»Compasión» align=»center» force_fullwidth=»on» admin_label=»Imagen Logo dh» _builder_version=»3.22.7&#8243; animation_style=»slide» animation_direction=»left» animation_duration=»500ms» animation_intensity_slide=»10%» use_border_color=»off» border_color=»#ffffff» border_style=»solid» animation=»left» sticky=»off»][/et_pb_image][/et_pb_column][et_pb_column type=»2_3&#8243; _builder_version=»3.0.47&#8243;][et_pb_text admin_label=»Texto nuestra espiritualidad» _builder_version=»3.0.87&#8243; background_size=»initial» background_position=»top_left» background_repeat=»repeat» use_border_color=»off» border_color=»#ffffff» border_style=»solid»]</p>
<h2>Nuestra espiritualidad</h2>
<p style="text-align: justify;"><em><strong>«Una espiritualidad enraizada en Cristo Crucificado y en María al pié de la Cruz»</strong></em></p>
<p style="text-align: justify;"><strong>Mauricio Garrigou</strong>, dio a las Hermanas como clave de su vida el fruto de su propia sabiduría espiritual, forjada desde su juventud:</p>
<p style="text-align: justify;">«Jesús será vuestro modelo; su Evangelio vuestra regla»</p>
<p style="text-align: justify;">Fue también su carisma personal, fruto de la contemplación de ese Jesús en los acontecimientos de su tiempo, el que orientó de manera preferente su mirada y su corazón hacia el Pretorio (Ecce Homo) y el Calvario (el Crucificado y su Madre al pie de la Cruz) como lugares donde unificar una vida de entrega y de servicio humilde y solidario.</p>
<p style="text-align: justify;">La contemplación de Jesús humillado y después crucificado, y de María al pie de la cruz, asociada a este misterio, van transformando el corazón del Padre Garrigou en un corazón semejante al de Jesús y María, dándole un peculiar modo de ser y de estar en el mundo.</p>
<p style="text-align: justify;">Para las hermanas de Ntra. Sra. de la Compasión, seguir el camino de Cristo, a la luz del carisma recibido de su fundador, no consiste en hacer cosas extraordinarias sino en asegurar un servicio paciente y compasivo a los demás. Las obras de educación, el cuidado de los pobres, la misma vida comunitaria, suponen el olvido de sí mismas y una vida espiritual hecha de sencillez, abnegación, humildad y de un amor que se entrega en la comunión con los que sufren y en la solidaridad con quienes trabajan para que desaparezcan las causas que generan la injusticia.</p>
<p style="text-align: justify;">Como María al pie de la Cruz, quieren servir a la humanidad con un corazón grande y compasivo, de forma especial a la humanidad sufriente, dejándose transformar por el Espíritu para vivir:</p>
<ul>
<li style="text-align: justify;">En una actitud contemplativa que permite descubrir a Dios presente y actuando en la historia y en la propia existencia.</li>
<li style="text-align: justify;">Con una especial sensibilidad a toda situación de debilidad, pobreza y sufrimiento.</li>
<li style="text-align: justify;">En disponibilidad, acogida y sencillez que les hace cercanas a los demás.</li>
<li style="text-align: justify;">Desde un dinamismo creativo en el servicio al prójimo.</li>
</ul>
<p>[/et_pb_text][et_pb_text admin_label=»Texto nuestra misión» _builder_version=»3.0.87&#8243; background_size=»initial» background_position=»top_left» background_repeat=»repeat» use_border_color=»off» border_color=»#ffffff» border_style=»solid»]</p>
<h2>Nuestra misión</h2>
<p style="text-align: justify;"><em><strong>«Fieles al carisma de nuestro Fundador, nuestra vida como la de Jesús quiere ser expresión del amor de Dios por los pequeños, los débiles y los despreciados de la sociedad&#8230;»</strong></em></p>
<p style="text-align: justify;">Ser expresión del amor de Dios por los pequeños, los débiles y los despreciados de la sociedad es ser para ellos testigos de la Buena Nueva y compartir sus vidas a través de la educación, la pastoral, la acompañamiento y el servicio a aquellos que tienen capacidades diferentes, o a los abandonados, encarcelados, emigrantes y empobrecidos&#8230;;o estando al lado de ancianos y enfermos&#8230;</p>
<p style="text-align: justify;">Desde siempre el Instituto ha querido ser fiel a sus orígenes pero, como es lógico, las formas han ido cambiando y adaptándose al momento y a los distintos países en los que se ha ido estableciendo; y tan variadas han sido las respuestas, como diferentes las realidades vividas a lo largo de su historia</p>
<p style="text-align: justify;">Por eso el amor de COMPASION unas veces se llama acogida,  otras cercanía, otras promoción, sanación o perdón; otras lucha organizada con otros, o pastoral, o acompañamiento, o denuncia &#8230; Pero siempre desde la llamada original y originaria:</p>
<p style="text-align: justify;">“Colaborar en la misión evangelizadora de la Iglesia a través de la educación cristiana de los jóvenes y el alivio de los pobres por todos los medios posibles” (Const. nº 10 )</p>
<p style="text-align: justify;">Y así la Compasión va tomando opciones una y otra vez, haciéndose eco del deseo de Mauricio Garrigou para el Instituto:</p>
<p style="text-align: justify;"><strong>«Sed espigadoras en el campo del Padre de familia&#8230;»</strong></p>
<p>[/et_pb_text][/et_pb_column][/et_pb_row][/et_pb_section]</p>

<p>La Compasión Extraña palabra y, sin embargo, cada vez más usada en nuestras conversaciones, en libros, discursos&#8230; Palabra que, a veces,  identificamos con lástima, conmiseración, sensiblería&#8230;, situándonos, inconscientemente, desde más arriba que los otros, y&#8230; ¡no!. No es eso la Compasión. Compasión tiene que ver con enganchar nuestro corazón al sentimiento del otro. Compasión es [&hellip;]</p>
